{"id":2305,"date":"2025-05-12T15:31:29","date_gmt":"2025-05-12T15:31:29","guid":{"rendered":"https:\/\/elsninets.com\/extraescolares\/la-mare-vull-ser-artista\/"},"modified":"2025-05-12T15:31:29","modified_gmt":"2025-05-12T15:31:29","slug":"la-mare-vull-ser-artista","status":"publish","type":"extraescolares","link":"https:\/\/elsninets.com\/ca\/extraescolares\/la-mare-vull-ser-artista\/","title":{"rendered":"La mare vull ser artista"},"content":{"rendered":"<h2><strong data-start=\"348\" data-end=\"412\">La mare vull ser artista \u2013 Art, emoci\u00f3 i expressi\u00f3 lliure<\/strong><\/h2>\n<p>En aquest taller donem curs al m\u00f3n interior de cada nen i nena, oferint-los un espai per <strong data-start=\"519\" data-end=\"551\">crear, imaginar i expressar-se<\/strong> a la seva manera.<br data-start=\"564\" data-end=\"567\">A trav\u00e9s de propostes com la pintura, l \u201cescultura, el joc simb\u00f2lic, l\u201d expressi\u00f3 musical, els contacontes i les manualitats fomentem la creativitat, l \u201cautoestima i la llibertat d\u201d expressi\u00f3.<br data-start=\"769\" data-end=\"772\">Cada activitat s \u201cadapta al ritme i la personalitat de cada petit, convertint l\u201d art en una eina de connexi\u00f3 amb ells mateixos i amb els altres.<br data-start=\"919\" data-end=\"922\">Aqu\u00ed no hi ha errors, nom\u00e9s maneres \u00faniques de veure i explicar el m\u00f3n!<\/p>\n","protected":false},"featured_media":2258,"template":"","class_list":["post-2305","extraescolares","type-extraescolares","status-publish","has-post-thumbnail","hentry"],"_links":{"self":[{"href":"https:\/\/elsninets.com\/ca\/wp-json\/wp\/v2\/extraescolares\/2305","targetHints":{"allow":["GET"]}}],"collection":[{"href":"https:\/\/elsninets.com\/ca\/wp-json\/wp\/v2\/extraescolares"}],"about":[{"href":"https:\/\/elsninets.com\/ca\/wp-json\/wp\/v2\/types\/extraescolares"}],"wp:featuredmedia":[{"embeddable":true,"href":"https:\/\/elsninets.com\/ca\/wp-json\/wp\/v2\/media\/2258"}],"wp:attachment":[{"href":"https:\/\/elsninets.com\/ca\/wp-json\/wp\/v2\/media?parent=2305"}],"curies":[{"name":"wp","href":"https:\/\/api.w.org\/{rel}","templated":true}]}}

<h2><strong data-start="348" data-end="412">La mare vull ser artista – Art, emoció i expressió lliure</strong></h2>
<p>En aquest taller donem curs al món interior de cada nen i nena, oferint-los un espai per <strong data-start="519" data-end="551">crear, imaginar i expressar-se</strong> a la seva manera.<br data-start="564" data-end="567">A través de propostes com la pintura, l “escultura, el joc simbòlic, l” expressió musical, els contacontes i les manualitats fomentem la creativitat, l “autoestima i la llibertat d” expressió.<br data-start="769" data-end="772">Cada activitat s “adapta al ritme i la personalitat de cada petit, convertint l” art en una eina de connexió amb ells mateixos i amb els altres.<br data-start="919" data-end="922">Aquí no hi ha errors, només maneres úniques de veure i explicar el món!</p>
