{"id":2300,"date":"2025-05-12T10:46:16","date_gmt":"2025-05-12T10:46:16","guid":{"rendered":"https:\/\/elsninets.com\/escuelas\/escola-de-nadal\/"},"modified":"2025-05-12T10:46:16","modified_gmt":"2025-05-12T10:46:16","slug":"escola-de-nadal","status":"publish","type":"escuelas","link":"https:\/\/elsninets.com\/ca\/escuelas\/escola-de-nadal\/","title":{"rendered":"Escola de Nadal"},"content":{"rendered":"<h2>Celebra el Nadal amb nosaltres als Ninets!<\/h2>\n<p>\nDurant el per\u00edode de vacances nadalenc, transformem els nostres espais en un lloc ple de m\u00e0gia, creativitat i aprenentatge. A la nostra Escola de Nadal, els nens i nenes de 3 a 12 anys gaudeixen de jornades plenes d&#8217;activitats dissenyades amb afecte perqu\u00e8 cada dia sigui especial.<br \/>\n\ud83c\udfa8 Fem manualitats nadalenques que estimulen la seva imaginaci\u00f3 i els permeten desenvolupar la motricitat fina.<br \/>\n\ud83c\udfb5 Juguem amb la m\u00fasica, cantem nadales i proposem din\u00e0miques que fomenten l&#8217;expressi\u00f3 corporal i el treball en equip.<br \/>\n\ud83c\udf6a Ens divertim a la cuina preparant receptes f\u00e0cils i delicioses pr\u00f2pies d&#8217;aquestes dates.<br \/>\n\ud83e\udde9 Experimentem, explorem i treballem els sentits mitjan\u00e7ant activitats sensorials, jocs cooperatius i tallers de reciclatge creatiu.<\/p>\n<p>Tot aix\u00f2 ambientat amb l \u201cesperit del Nadal, on cada petit se sent segur, valorat i feli\u00e7, esperant amb entusiasme el seg\u00fcent dia per seguir aprenent i passant-ho d\u201d all\u00f2 m\u00e9s b\u00e9.<\/p>\n<p>\ud83c\udf81 Als Ninets, el Nadal no nom\u00e9s se celebra\u2026 es viu!<\/p>\n","protected":false},"featured_media":2116,"template":"","class_list":["post-2300","escuelas","type-escuelas","status-publish","has-post-thumbnail","hentry"],"_links":{"self":[{"href":"https:\/\/elsninets.com\/ca\/wp-json\/wp\/v2\/escuelas\/2300","targetHints":{"allow":["GET"]}}],"collection":[{"href":"https:\/\/elsninets.com\/ca\/wp-json\/wp\/v2\/escuelas"}],"about":[{"href":"https:\/\/elsninets.com\/ca\/wp-json\/wp\/v2\/types\/escuelas"}],"wp:featuredmedia":[{"embeddable":true,"href":"https:\/\/elsninets.com\/ca\/wp-json\/wp\/v2\/media\/2116"}],"wp:attachment":[{"href":"https:\/\/elsninets.com\/ca\/wp-json\/wp\/v2\/media?parent=2300"}],"curies":[{"name":"wp","href":"https:\/\/api.w.org\/{rel}","templated":true}]}}

<h2>Celebra el Nadal amb nosaltres als Ninets!</h2>
<p>
Durant el període de vacances nadalenc, transformem els nostres espais en un lloc ple de màgia, creativitat i aprenentatge. A la nostra Escola de Nadal, els nens i nenes de 3 a 12 anys gaudeixen de jornades plenes d&#8217;activitats dissenyades amb afecte perquè cada dia sigui especial.<br />
🎨 Fem manualitats nadalenques que estimulen la seva imaginació i els permeten desenvolupar la motricitat fina.<br />
🎵 Juguem amb la música, cantem nadales i proposem dinàmiques que fomenten l&#8217;expressió corporal i el treball en equip.<br />
🍪 Ens divertim a la cuina preparant receptes fàcils i delicioses pròpies d&#8217;aquestes dates.<br />
🧩 Experimentem, explorem i treballem els sentits mitjançant activitats sensorials, jocs cooperatius i tallers de reciclatge creatiu.</p>
<p>Tot això ambientat amb l “esperit del Nadal, on cada petit se sent segur, valorat i feliç, esperant amb entusiasme el següent dia per seguir aprenent i passant-ho d” allò més bé.</p>
<p>🎁 Als Ninets, el Nadal no només se celebra… es viu!</p>
